{"id":43,"date":"2020-07-11T07:28:11","date_gmt":"2020-07-11T05:28:11","guid":{"rendered":"http:\/\/landgasthof-weiss.de\/willkommen\/?page_id=43"},"modified":"2025-10-15T13:22:37","modified_gmt":"2025-10-15T11:22:37","slug":"kontakte","status":"publish","type":"page","link":"https:\/\/landgasthof-weiss.de\/willkommen\/kontakte\/","title":{"rendered":"Kontakte"},"content":{"rendered":"\t\t<div data-elementor-type=\"wp-page\" data-elementor-id=\"43\" class=\"elementor elementor-43\">\n\t\t\t\t\t\t<section class=\"elementor-section elementor-top-section elementor-element elementor-element-a1b2a05 elementor-section-boxed elementor-section-height-default elementor-section-height-default\" data-id=\"a1b2a05\" data-element_type=\"section\">\n\t\t\t\t\t\t<div class=\"elementor-container elementor-column-gap-default\">\n\t\t\t\t\t<div class=\"elementor-column elementor-col-100 elementor-top-column elementor-element elementor-element-c87bb7b\" data-id=\"c87bb7b\" data-element_type=\"column\">\n\t\t\t<div class=\"elementor-widget-wrap elementor-element-populated\">\n\t\t\t\t\t\t<div class=\"elementor-element elementor-element-3df876a elementor-widget elementor-widget-text-editor\" data-id=\"3df876a\" data-element_type=\"widget\" data-widget_type=\"text-editor.default\">\n\t\t\t\t<div class=\"elementor-widget-container\">\n\t\t\t\t\t\t\t<p style=\"margin-bottom: 0px; transform-origin: left top; background-repeat: no-repeat; max-height: 1e+06px; color: #000000; font-family: Arial, 'Helvetica Neue', Helvetica, sans-serif; font-size: 14px; border: 0px solid transparent;\">Landgasthof Wei\u00df<\/p><p style=\"margin-bottom: 0px; transform-origin: left top; background-repeat: no-repeat; max-height: 1e+06px; color: #000000; font-family: Arial, 'Helvetica Neue', Helvetica, sans-serif; font-size: 14px; border: 0px solid transparent;\">Familie Wei\u00df<\/p><p style=\"margin-bottom: 0px; transform-origin: left top; background-repeat: no-repeat; max-height: 1e+06px; color: #000000; font-family: Arial, 'Helvetica Neue', Helvetica, sans-serif; font-size: 14px; border: 0px solid transparent;\">Otterbachstra\u00dfe 42<\/p><p style=\"margin-bottom: 0px; transform-origin: left top; background-repeat: no-repeat; max-height: 1e+06px; color: #000000; font-family: Arial, 'Helvetica Neue', Helvetica, sans-serif; font-size: 14px; border: 0px solid transparent;\">85301 Aufham<\/p><p style=\"margin-bottom: 0px; transform-origin: left top; background-repeat: no-repeat; max-height: 1e+06px; color: #000000; font-family: Arial, 'Helvetica Neue', Helvetica, sans-serif; font-size: 14px; border: 0px solid transparent;\">Tel. 08444\/804<\/p><p style=\"margin-bottom: 0px; transform-origin: left top; background-repeat: no-repeat; max-height: 1e+06px; color: #000000; font-family: Arial, 'Helvetica Neue', Helvetica, sans-serif; font-size: 14px; border: 0px solid transparent;\">Fax. 08444\/919298<\/p><p style=\"margin-bottom: 0px; transform-origin: left top; background-repeat: no-repeat; max-height: 1e+06px; color: #000000; font-family: Arial, 'Helvetica Neue', Helvetica, sans-serif; font-size: 14px; border: 0px solid transparent;\">landgasthof-weiss@t-online.de<\/p><p style=\"margin-bottom: 0px; transform-origin: left top; background-repeat: no-repeat; max-height: 1e+06px; color: #000000; font-family: Arial, 'Helvetica Neue', Helvetica, sans-serif; font-size: 14px; border: 0px solid transparent;\">*** Wir m\u00fcssen Sie darauf hinweisen, dass Tischreservierungen per Email nicht ber\u00fccksichtigt werden k\u00f6nnen. Vielen Dank***<\/p><p style=\"margin-bottom: 0px; transform-origin: left top; background-repeat: no-repeat; max-height: 1e+06px; color: #000000; font-family: Arial, 'Helvetica Neue', Helvetica, sans-serif; font-size: 14px; border: 0px solid transparent;\">Samstag, Sonn- und Feiertage durchgehend ge\u00f6ffnet<\/p><p style=\"margin-bottom: 0px; transform-origin: left top; background-repeat: no-repeat; max-height: 1e+06px; color: #000000; font-family: Arial, 'Helvetica Neue', Helvetica, sans-serif; font-size: 14px; border: 0px solid transparent;\">Warme K\u00fcche von 11.00 Uhr bis 14.00 Uhr und von 17.00 Uhr bis 21.00Uhr<\/p><p style=\"margin-bottom: 0px; transform-origin: left top; background-repeat: no-repeat; max-height: 1e+06px; color: #000000; font-family: Arial, 'Helvetica Neue', Helvetica, sans-serif; font-size: 14px; border: 0px solid transparent;\">Ruhetag: Dienstag und Mittwoch<\/p><p style=\"margin-bottom: 0px; transform-origin: left top; background-repeat: no-repeat; max-height: 1e+06px; color: #000000; font-family: Arial, 'Helvetica Neue', Helvetica, sans-serif; font-size: 14px; border: 0px solid transparent;\">Montag ab 16.30 Uhr ge\u00f6ffnet<\/p><p style=\"margin-bottom: 0px; transform-origin: left top; background-repeat: no-repeat; max-height: 1e+06px; color: #000000; font-family: Arial, 'Helvetica Neue', Helvetica, sans-serif; font-size: 14px; border: 0px solid transparent;\">\u00a0<\/p>\t\t\t\t\t\t<\/div>\n\t\t\t\t<\/div>\n\t\t\t\t\t<\/div>\n\t\t<\/div>\n\t\t\t\t\t<\/div>\n\t\t<\/section>\n\t\t\t\t<\/div>\n\t\t","protected":false},"excerpt":{"rendered":"<p>Landgasthof Wei\u00df Familie Wei\u00df Otterbachstra\u00dfe 42 85301 Aufham Tel. 08444\/804 Fax. 08444\/919298 landgasthof-weiss@t-online.de *** Wir m\u00fcssen Sie darauf hinweisen, dass Tischreservierungen per Email nicht ber\u00fccksichtigt werden k\u00f6nnen. Vielen Dank*** Samstag, Sonn- und Feiertage durchgehend ge\u00f6ffnet Warme K\u00fcche von 11.00 Uhr bis 14.00 Uhr und von 17.00 Uhr bis 21.00Uhr Ruhetag: Dienstag und Mittwoch Montag ab &hellip; <\/p>\n<p class=\"link-more\"><a href=\"https:\/\/landgasthof-weiss.de\/willkommen\/kontakte\/\" class=\"more-link\"><span class=\"screen-reader-text\">\u201eKontakte\u201c<\/span> weiterlesen<\/a><\/p>\n","protected":false},"author":1,"featured_media":0,"parent":0,"menu_order":0,"comment_status":"closed","ping_status":"closed","template":"","meta":{"_mo_disable_npp":"","_exactmetrics_skip_tracking":false,"_exactmetrics_sitenote_active":false,"_exactmetrics_sitenote_note":"","_exactmetrics_sitenote_category":0,"footnotes":""},"class_list":["post-43","page","type-page","status-publish","hentry"],"_links":{"self":[{"href":"https:\/\/landgasthof-weiss.de\/willkommen\/wp-json\/wp\/v2\/pages\/43","targetHints":{"allow":["GET"]}}],"collection":[{"href":"https:\/\/landgasthof-weiss.de\/willkommen\/wp-json\/wp\/v2\/pages"}],"about":[{"href":"https:\/\/landgasthof-weiss.de\/willkommen\/wp-json\/wp\/v2\/types\/page"}],"author":[{"embeddable":true,"href":"https:\/\/landgasthof-weiss.de\/willkommen\/wp-json\/wp\/v2\/users\/1"}],"replies":[{"embeddable":true,"href":"https:\/\/landgasthof-weiss.de\/willkommen\/wp-json\/wp\/v2\/comments?post=43"}],"version-history":[{"count":10,"href":"https:\/\/landgasthof-weiss.de\/willkommen\/wp-json\/wp\/v2\/pages\/43\/revisions"}],"predecessor-version":[{"id":860,"href":"https:\/\/landgasthof-weiss.de\/willkommen\/wp-json\/wp\/v2\/pages\/43\/revisions\/860"}],"wp:attachment":[{"href":"https:\/\/landgasthof-weiss.de\/willkommen\/wp-json\/wp\/v2\/media?parent=43"}],"curies":[{"name":"wp","href":"https:\/\/api.w.org\/{rel}","templated":true}]}}