{"id":27,"date":"2020-07-11T07:22:52","date_gmt":"2020-07-11T05:22:52","guid":{"rendered":"http:\/\/landgasthof-weiss.de\/willkommen\/?page_id=27"},"modified":"2025-10-15T13:26:19","modified_gmt":"2025-10-15T11:26:19","slug":"aktuelles","status":"publish","type":"page","link":"https:\/\/landgasthof-weiss.de\/willkommen\/aktuelles\/","title":{"rendered":"Aktuelles"},"content":{"rendered":"\t\t<div data-elementor-type=\"wp-page\" data-elementor-id=\"27\" class=\"elementor elementor-27\">\n\t\t\t\t\t\t<section class=\"elementor-section elementor-top-section elementor-element elementor-element-524a88b elementor-section-boxed elementor-section-height-default elementor-section-height-default\" data-id=\"524a88b\" data-element_type=\"section\">\n\t\t\t\t\t\t<div class=\"elementor-container elementor-column-gap-default\">\n\t\t\t\t\t<div class=\"elementor-column elementor-col-100 elementor-top-column elementor-element elementor-element-25edf5b\" data-id=\"25edf5b\" data-element_type=\"column\">\n\t\t\t<div class=\"elementor-widget-wrap elementor-element-populated\">\n\t\t\t\t\t\t<div class=\"elementor-element elementor-element-ddc685a elementor-widget elementor-widget-heading\" data-id=\"ddc685a\" data-element_type=\"widget\" data-widget_type=\"heading.default\">\n\t\t\t\t<div class=\"elementor-widget-container\">\n\t\t\t<h3 class=\"elementor-heading-title elementor-size-medium\">\u00c4nderungen bei Buchungen k\u00f6nnen derzeit nur telefonisch entgegengenommen werden. Stornierungen per Mail werden nicht entgegen genommen und m\u00fcssen somit berechnet werden!<\/h3>\t\t<\/div>\n\t\t\t\t<\/div>\n\t\t\t\t\t<\/div>\n\t\t<\/div>\n\t\t\t\t\t<\/div>\n\t\t<\/section>\n\t\t\t\t<section class=\"elementor-section elementor-top-section elementor-element elementor-element-4194e74 elementor-section-boxed elementor-section-height-default elementor-section-height-default\" data-id=\"4194e74\" data-element_type=\"section\">\n\t\t\t\t\t\t<div class=\"elementor-container elementor-column-gap-default\">\n\t\t\t\t\t<div class=\"elementor-column elementor-col-100 elementor-top-column elementor-element elementor-element-8f26d6c\" data-id=\"8f26d6c\" data-element_type=\"column\">\n\t\t\t<div class=\"elementor-widget-wrap elementor-element-populated\">\n\t\t\t\t\t\t<div class=\"elementor-element elementor-element-bd6f60f elementor-widget elementor-widget-text-editor\" data-id=\"bd6f60f\" data-element_type=\"widget\" data-widget_type=\"text-editor.default\">\n\t\t\t\t<div class=\"elementor-widget-container\">\n\t\t\t\t\t\t\t<div class=\"\" data-block=\"true\" data-editor=\"9rt09\" data-offset-key=\"61s7r-0-0\"><h5 class=\"_1mf _1mj\" data-offset-key=\"61s7r-0-0\">Liebe G\u00e4ste,<\/h5><\/div><h4>Unsere Aktuelle Speisekarte findet Ihr auf unserer Internetseite im Bereich Essen und Trinken.<\/h4><h4>\u00a0<\/h4><h4>Bitte Beachten!<\/h4><h4>Ruhetag Dienstag und Mittwoch<\/h4><h4>Eure Familie Wei\u00df<\/h4><h4>Vielen Dank f\u00fcr eure bisherige und auch zuk\u00fcnftige Unterst\u00fctzung<\/h4><h4>\u00a0<\/h4><p style=\"margin-bottom: 0px; transform-origin: left top; background-repeat: no-repeat; max-height: 1e+06px; color: #000000; font-family: Arial, 'Helvetica Neue', Helvetica, sans-serif; font-size: 14px; border: 0px solid transparent;\">Spare-Rips und Kesselfleisch-Essen:<\/p><p style=\"margin-bottom: 0px; transform-origin: left top; background-repeat: no-repeat; max-height: 1e+06px; color: #000000; font-family: Arial, 'Helvetica Neue', Helvetica, sans-serif; font-size: 14px; border: 0px solid transparent;\">Immer Montags Spare-Rips-Essen an geraden Wochen und jeden darauf folgenden Montag an ungeraden Wochen Kesselfleisch-Essen im Wechsel.<\/p><h5 style=\"margin-bottom: 0px; transform-origin: left top; background-repeat: no-repeat; max-height: 1e+06px; color: #000000; font-family: Arial, 'Helvetica Neue', Helvetica, sans-serif; font-size: 14px; border: 0px solid transparent;\">\u00a0<\/h5><h5 style=\"margin-bottom: 0px; transform-origin: left top; background-repeat: no-repeat; max-height: 1e+06px; color: #000000; font-family: Arial, 'Helvetica Neue', Helvetica, sans-serif; font-size: 14px; border: 0px solid transparent;\">\u00a0<\/h5><h5 style=\"margin-bottom: 0px; transform-origin: left top; background-repeat: no-repeat; max-height: 1e+06px; color: #000000; font-family: Arial, 'Helvetica Neue', Helvetica, sans-serif; font-size: 14px; border: 0px solid transparent;\">Betriebsferien Winter 2024\/2025:<\/h5><h5 style=\"margin-bottom: 0px; transform-origin: left top; background-repeat: no-repeat; max-height: 1e+06px; color: #000000; font-family: Arial, 'Helvetica Neue', Helvetica, sans-serif; font-size: 14px; border: 0px solid transparent;\">24.12.2025 Geschlossen<\/h5><h5 style=\"margin-bottom: 0px; transform-origin: left top; background-repeat: no-repeat; max-height: 1e+06px; color: #000000; font-family: Arial, 'Helvetica Neue', Helvetica, sans-serif; font-size: 14px; border: 0px solid transparent;\">27.12.2025 bis 07.01.2026<\/h5><div>\u00a0<\/div><h5 style=\"margin-bottom: 0px; transform-origin: left top; background-repeat: no-repeat; max-height: 1e+06px; color: #000000; font-family: Arial, 'Helvetica Neue', Helvetica, sans-serif; font-size: 14px; border: 0px solid transparent;\">Betriebsferien Sommer 2025:<\/h5><p>\u00a0<\/p><p><span style=\"color: #000000; font-family: Arial, 'Helvetica Neue', Helvetica, sans-serif; font-size: 14px; font-weight: 800; letter-spacing: 0.15em; text-transform: uppercase;\">01.06.2026 bis 11.06.2026<\/span><\/p><h5 style=\"margin-bottom: 0px; transform-origin: left top; background-repeat: no-repeat; max-height: 1e+06px; color: #000000; font-family: Arial, 'Helvetica Neue', Helvetica, sans-serif; font-size: 14px; border: 0px solid transparent;\">12.09.2026 bis 01.10.2026<\/h5><p>\u00a0<\/p><h5>Pfingstmontag, 25. Mai ab 15.00 Uhr geschlossen<\/h5><div>\u00a0<\/div><div>\u00a0<\/div><div>\u00a0<\/div><div>\u00a0<\/div><div>\u00a0<\/div><h5 style=\"margin-bottom: 0px; transform-origin: left top; background-repeat: no-repeat; max-height: 1e+06px; color: #000000; font-family: Arial, 'Helvetica Neue', Helvetica, sans-serif; font-size: 14px; border: 0px solid transparent;\">\u00a0<\/h5><h4 style=\"margin-bottom: 0px; transform-origin: left top; background-repeat: no-repeat; max-height: 1e+06px; color: #000000; font-family: Arial, 'Helvetica Neue', Helvetica, sans-serif; font-size: 14px; border: 0px solid transparent;\">** Liebe G\u00e4ste, bitte beachten Sie, dass in diesem Zeitraum unser B\u00fcro nicht besetzt ist, sodass E-Mail anfragen nicht bzw. nicht zeitnah bearbeitet werden k\u00f6nnen**<\/h4><div>\u00a0<\/div>\t\t\t\t\t\t<\/div>\n\t\t\t\t<\/div>\n\t\t\t\t\t<\/div>\n\t\t<\/div>\n\t\t\t\t\t<\/div>\n\t\t<\/section>\n\t\t\t\t<\/div>\n\t\t","protected":false},"excerpt":{"rendered":"<p>\u00c4nderungen bei Buchungen k\u00f6nnen derzeit nur telefonisch entgegengenommen werden. Stornierungen per Mail werden nicht entgegen genommen und m\u00fcssen somit berechnet werden! Liebe G\u00e4ste, Unsere Aktuelle Speisekarte findet Ihr auf unserer Internetseite im Bereich Essen und Trinken. \u00a0 Bitte Beachten! Ruhetag Dienstag und Mittwoch Eure Familie Wei\u00df Vielen Dank f\u00fcr eure bisherige und auch zuk\u00fcnftige Unterst\u00fctzung &hellip; <\/p>\n<p class=\"link-more\"><a href=\"https:\/\/landgasthof-weiss.de\/willkommen\/aktuelles\/\" class=\"more-link\"><span class=\"screen-reader-text\">\u201eAktuelles\u201c<\/span> weiterlesen<\/a><\/p>\n","protected":false},"author":1,"featured_media":0,"parent":0,"menu_order":0,"comment_status":"closed","ping_status":"closed","template":"elementor_header_footer","meta":{"_mo_disable_npp":"","_exactmetrics_skip_tracking":false,"_exactmetrics_sitenote_active":false,"_exactmetrics_sitenote_note":"","_exactmetrics_sitenote_category":0,"footnotes":""},"class_list":["post-27","page","type-page","status-publish","hentry"],"_links":{"self":[{"href":"https:\/\/landgasthof-weiss.de\/willkommen\/wp-json\/wp\/v2\/pages\/27","targetHints":{"allow":["GET"]}}],"collection":[{"href":"https:\/\/landgasthof-weiss.de\/willkommen\/wp-json\/wp\/v2\/pages"}],"about":[{"href":"https:\/\/landgasthof-weiss.de\/willkommen\/wp-json\/wp\/v2\/types\/page"}],"author":[{"embeddable":true,"href":"https:\/\/landgasthof-weiss.de\/willkommen\/wp-json\/wp\/v2\/users\/1"}],"replies":[{"embeddable":true,"href":"https:\/\/landgasthof-weiss.de\/willkommen\/wp-json\/wp\/v2\/comments?post=27"}],"version-history":[{"count":10,"href":"https:\/\/landgasthof-weiss.de\/willkommen\/wp-json\/wp\/v2\/pages\/27\/revisions"}],"predecessor-version":[{"id":863,"href":"https:\/\/landgasthof-weiss.de\/willkommen\/wp-json\/wp\/v2\/pages\/27\/revisions\/863"}],"wp:attachment":[{"href":"https:\/\/landgasthof-weiss.de\/willkommen\/wp-json\/wp\/v2\/media?parent=27"}],"curies":[{"name":"wp","href":"https:\/\/api.w.org\/{rel}","templated":true}]}}